he remainder when 1006 is divided by 493.
20
What is the remainder when 26121 is divided by 74?
73
What is the remainder when 3088 is divided by 3037?
51
What is the remainder when 118382 is divided by 50?
32
What is the remainder when 66097 is divided by 7335?
82
Calculate the remainder when 601 is divided by 393.
208
Calculate the remainder when 2186 is divided by 2180.
6
Calculate the remainder when 6427 is divided by 723.
643
Calculate the remainder when 9652 is divided by 386.
2
Calculate the remainder when 30353 is divided by 33.
26
What is the remainder when 49639 is divided by 680?
679
Calculate the remainder when 2740 is divided by 52.
36
Calculate the remainder when 73842 is divided by 17.
11
What is the remainder when 4867 is divided by 1591?
94
Calculate the remainder when 35417 is divided by 389.
18
What is the remainder when 61087 is divided by 15268?
15
What is the remainder when 8248 is divided by 556?
464
What is the remainder when 6292 is divided by 29?
28
Calculate the remainder when 136900 is divided by 45629.
13
What is the remainder when 5240 is divided by 7?
4
Calculate the remainder when 5228 is divided by 1721.
65
What is the remainder when 3407 is divided by 2?
1
Calculate the remainder when 903 is divided by 122.
49
What is the remainder when 3819 is divided by 201?
0
Calculate the remainder when 56235 is divided by 461.
454
Calculate the remainder when 4073 is divided by 350.
223
What is the remainder when 17541 is divided by 50?
41
Calculate the remainder when 5278 is divided by 1173.
586
What is the remainder when 2409803 is divided by 27?
26
Calculate the remainder when 2322 is divided by 11.
1
What is the remainder when 9478 is divided by 31?
23
What is the remainder when 341176 is divided by 7?
3
What is the remainder when 23887 is divided by 4596?
907
What is the remainder when 3789 is divided by 347?
319
Calculate the remainder when 6645 is divided by 20.
5
What is the remainder when 432 is divided by 168?
96
Calculate the remainder when 8056 is divided by 39.
22
What is the remainder when 38120 is divided by 19060?
0
Calculate the remainder when 808 is divided by 285.
238
Calculate the remainder when 9514 is divided by 1151.
306
What is the remainder when 35887 is divided by 223?
207
Calculate the remainder when 50250 is divided by 461.
1
What is the remainder when 166 is divided by 165?
1
Calculate the remainder when 8988 is divided by 767.
551
What is the remainder when 41091 is divided by 57?
51
Calculate the remainder when 26831 is divided by 8936.
23
What is the remainder when 573435 is divided by 93?
90
What is the remainder when 7446 is divided by 19?
17
What is the remainder when 11276 is divided by 31?
23
Calculate the remainder when 2026 is divided by 184.
2
What is the remainder when 3777 is divided by 350?
277
What is the remainder when 3874 is divided by 3210?
664
What is the remainder when 33837 is divided by 441?
321
What is the remainder when 700025 is divided by 5?
0
Calculate the remainder when 381626 is divided by 999.
8
What is the remainder when 2229 is divided by 371?
3
What is the remainder when 612 is divided by 114?
42
What is the remainder when 518273 is divided by 172754?
11
What is the remainder when 1244 is divided by 126?
110
Calculate the remainder when 27151 is divided by 11961.
3229
Calculate the remainder when 23802 is divided by 121.
86
Calculate the remainder when 629518 is divided by 15.
13
Calculate the remainder when 5131 is divided by 78.
61
Calculate the remainder when 61745 is divided by 41.
40
What is the remainder when 20869 is divided by 18?
7
Calculate the remainder when 4335 is divided by 99.
78
Calculate the remainder when 28486 is divided by 4026.
304
What is the remainder when 21390 is divided by 17?
4
Calculate the remainder when 7220 is divided by 161.
136
What is the remainder when 3688 is divided by 1047?
547
What is the remainder when 184243 is divided by 108?
103
What is the remainder when 8723 is divided by 186?
167
Calculate the remainder when 722750 is divided by 361361.
28
What is the remainder when 1908873 is divided by 1934?
15
Calculate the remainder when 8293 is divided by 345.
13
What is the remainder when 46086 is divided by 9216?
6
What is the remainder when 303145 is divided by 17?
1
What is the remainder when 460 is divided by 295?
165
What is the remainder when 7120 is divided by 723?
613
What is the remainder when 2858724 is divided by 521?
518
What is the remainder when 4273 is divided by 54?
7
Calculate the remainder when 1289967 is divided by 5633.
10
Calculate the remainder when 202789 is divided by 14.
13
What is the remainder when 40717 is divided by 49?
47
Calculate the remainder when 138631 is divided by 835.
21
What is the remainder when 6607 is divided by 387?
28
What is the remainder when 6760 is divided by 601?
149
Calculate the remainder when 1176 is divided by 580.
16
Calculate the remainder when 1312 is divided by 1147.
165
What is the remainder when 9225 is divided by 271?
11
What is the remainder when 51508 is divided by 47?
43
Calculate the remainder when 14474 is divided by 7232.
10
What is the remainder when 231877 is divided by 231871?
6
Calculate the remainder when 2811 is divided by 393.
60
Calculate the remainder when 39406 is divided by 36.
22
Calculate the remainder when 1264 is divided by 788.
476
Calculate the remainder when 2170 is divided by 120.
10
What is the remainder when 2235513 is divided by 964?
961
Calculate the remainder when 5255 is divided by 662.
621
Calculate the remainder when 398 is divided by 81.
74
What is the remainder when 20713 is divided by 109?
3
Calculate the remainder when 11881 is divided by 500.
381
What is the remainder when 534105 is divided by 564?
561
What is the remainder when 663 is divided by 403?
260
What is the remainder when 92337 is divided by 13?
11
Calculate the remainder when 966 is divided by 163.
151
Calculate the remainder when 752 is divided by 189.
185
What is the remainder when 13252 is divided by 23?
4
What is the remainder when 2452 is divided by 3?
1
What is the remainder when 55144 is divided by 298?
14
What is the remainder when 149347 is divided by 290?
287
What is the remainder when 10957 is divided by 195?
37
Calculate the remainder when 15698 is divided by 63.
11
Calculate the remainder when 1069 is divided by 13.
3
Calculate the remainder when 18838 is divided by 69.
1
Calculate the remainder when 135467 is divided by 852.
851
What is the remainder when 40402 is divided by 91?
89
What is the remainder when 4269 is divided by 363?
276
What is the remainder when 12602 is divided by 10?
2
What is the remainder when 20623 is divided by 763?
22
What is the remainder when 1150643 is divided by 35?
18
Calculate the remainder when 14800 is divided by 4836.
292
Calculate the remainder when 101414 is divided by 10138.
34
Calculate the remainder when 37255 is divided by 11.
9
What is the remainder when 916 is divided by 306?
304
What is the remainder when 1938 is divided by 20?
18
Calculate the remainder when 15113 is divided by 85.
68
What is the remainder when 76099 is divided by 277?
201
What is the remainder when 988 is divided by 174?
118
What is the remainder when 7085 is divided by 116?
9
Calculate the remainder when 253531 is divided by 241.
240
What is the remainder when 1455 is divided by 1455?
0
Calculate the remainder when 455445 is divided by 705.
15
What is the remainder when 99499 is divided by 51?
49
Calculate the remainder when 363711 is divided by 13.
10
What is the remainder when 2754 is divided by 631?
230
Calculate the remainder when 55699 is divided by 129.
100
What is the remainder when 16551 is divided by 23?
14
Calculate the remainder when 2018 is divided by 613.
179
What is the remainder when 10641 is divided by 1697?
459
What is the remainder when 333098 is divided by 507?
506
Calculate the remainder when 628796 is divided by 166.
154
What is the remainder when 4199 is divided by 27?
14
What is the remainder when 28700 is divided by 276?
272
What is the remainder when 622248 is divided by 31?
16
What is the remainder when 979709 is divided by 2020?
9
Calculate the remainder when 90205 is divided by 52.
37
What is the remainder when 1